hest common divisor of 1380 and 2980.
20
Calculate the highest common divisor of 1937646 and 12.
6
Calculate the highest common divisor of 70 and 2464.
14
What is the greatest common factor of 1185 and 52995?
15
What is the greatest common factor of 1053 and 7938?
81
Calculate the highest common factor of 13376 and 41536.
704
Calculate the highest common divisor of 309 and 694735.
103
What is the greatest common divisor of 431817 and 459?
51
Calculate the highest common divisor of 136 and 2006.
34
Calculate the greatest common divisor of 12 and 324804.
12
Calculate the greatest common factor of 20295 and 943.
41
What is the highest common divisor of 2662 and 18898?
22
What is the highest common divisor of 30300 and 15?
15
What is the greatest common divisor of 80 and 87760?
80
Calculate the highest common factor of 268 and 334531.
67
Calculate the highest common divisor of 1784 and 88.
8
What is the highest common divisor of 2584 and 13243?
323
What is the highest common factor of 330 and 18840?
30
What is the greatest common factor of 15405 and 45504?
237
What is the highest common divisor of 324912 and 1806?
42
Calculate the greatest common factor of 66719 and 34577.
487
Calculate the greatest common factor of 472855 and 85.
85
Calculate the highest common divisor of 800 and 528.
16
What is the highest common factor of 511365 and 467?
467
What is the greatest common divisor of 10164 and 3828?
132
Calculate the greatest common factor of 435 and 696.
87
Calculate the greatest common factor of 10 and 88310.
10
Calculate the greatest common factor of 20498 and 8658.
74
Calculate the highest common factor of 1696107 and 105.
21
What is the highest common divisor of 51815 and 2580?
215
Calculate the highest common divisor of 169526 and 91.
7
Calculate the greatest common factor of 664 and 63080.
664
What is the highest common factor of 1253 and 25249?
7
What is the highest common factor of 3366 and 816?
102
What is the greatest common divisor of 210 and 97230?
210
What is the highest common factor of 201 and 6436824?
201
Calculate the greatest common divisor of 9384 and 30.
6
What is the highest common divisor of 138 and 5865?
69
Calculate the highest common factor of 159458 and 234.
26
What is the greatest common divisor of 125065 and 5?
5
Calculate the greatest common factor of 19129 and 25234.
407
What is the highest common factor of 154687 and 116545?
2119
Calculate the greatest common divisor of 10 and 10286.
2
Calculate the greatest common factor of 6 and 6134.
2
What is the highest common divisor of 21 and 3137631?
21
Calculate the highest common factor of 426 and 76254.
426
What is the greatest common divisor of 594 and 88?
22
What is the highest common divisor of 2223 and 2847?
39
What is the greatest common divisor of 34980 and 14469?
159
What is the highest common divisor of 22 and 8954?
22
What is the greatest common divisor of 6179 and 668?
167
What is the greatest common factor of 1169 and 56947?
167
What is the greatest common divisor of 2486 and 33?
11
What is the greatest common divisor of 26 and 29367?
13
Calculate the highest common divisor of 1043271 and 18.
9
Calculate the highest common divisor of 177278 and 2466.
274
What is the greatest common factor of 187 and 107899?
187
What is the greatest common factor of 1997 and 17819231?
1997
Calculate the greatest common divisor of 572 and 56342.
286
Calculate the highest common divisor of 1092 and 156.
156
Calculate the highest common divisor of 2671 and 1.
1
What is the highest common factor of 8856 and 1836?
108
What is the highest common divisor of 88 and 6124?
4
Calculate the highest common divisor of 6027 and 2646.
147
What is the highest common divisor of 5811 and 507?
39
Calculate the highest common factor of 8262423 and 78.
39
Calculate the highest common divisor of 279 and 156271.
31
What is the highest common factor of 5 and 510795?
5
What is the greatest common divisor of 440 and 21840?
40
What is the greatest common divisor of 652 and 101223?
163
Calculate the greatest common factor of 1176 and 30.
6
What is the highest common divisor of 2175 and 6015?
15
What is the highest common divisor of 292 and 9782?
146
Calculate the greatest common factor of 31 and 6316467.
31
Calculate the greatest common factor of 115374 and 6027.
861
Calculate the greatest common divisor of 176 and 70136.
88
Calculate the highest common factor of 2569228 and 424.
212
Calculate the greatest common divisor of 76322 and 62.
62
Calculate the highest common factor of 209 and 11254441.
209
What is the greatest common divisor of 616296 and 24?
24
Calculate the highest common divisor of 35 and 3295.
5
Calculate the greatest common factor of 94066 and 14.
14
What is the highest common divisor of 170577 and 1584?
99
What is the highest common factor of 64890 and 2556?
18
Calculate the highest common factor of 816 and 848.
16
Calculate the greatest common factor of 817031 and 776.
97
Calculate the highest common factor of 159 and 3816.
159
What is the highest common divisor of 36 and 219006?
18
What is the greatest common factor of 155 and 1771495?
155
What is the greatest common divisor of 1116 and 1980?
36
What is the highest common factor of 3552 and 43392?
96
What is the greatest common factor of 1672356 and 344?
172
What is the greatest common factor of 18 and 257571?
9
What is the greatest common divisor of 67360 and 1280?
160
Calculate the greatest common divisor of 29 and 275819.
29
What is the greatest common divisor of 52466 and 148?
74
What is the highest common factor of 5724 and 7830?
54
Calculate the highest common factor of 13290 and 300.
30
What is the highest common factor of 804 and 28344?
12
Calculate the greatest common factor of 1393372 and 3956.
172
What is the highest common divisor of 154524 and 96?
12
Calculate the highest common factor of 5504 and 2048.
128
What is the highest common divisor of 1250 and 6550?
50
Calculate the highest common factor of 3700 and 14740.
20
What is the greatest common factor of 19050 and 275?
25
Calculate the greatest common factor of 960 and 2240.
320
What is the greatest common divisor of 23287 and 3190?
319
Calculate the greatest common divisor of 177 and 225439.
59
Calculate the greatest common factor of 574 and 616.
14
Calculate the greatest common factor of 2562 and 397842.
366
What is the greatest common factor of 786508 and 415?
83
What is the highest common divisor of 14905 and 150405?
1355
Calculate the greatest common divisor of 3350 and 105860.
670
What is the greatest common factor of 144 and 30258?
18
Calculate the highest common factor of 95839 and 13634.
401
Calculate the highest common factor of 360 and 14967.
9
What is the highest common factor of 531176 and 991?
991
Calculate the highest common divisor of 850 and 5542.
34
What is the highest common divisor of 681000 and 5?
5
What is the highest common factor of 423 and 1044?
9
What is the highest common divisor of 2889 and 100794?
321
What is the greatest common divisor of 525266 and 952?
238
What is the greatest common divisor of 8480 and 14?
2
Calculate the highest common factor of 34304 and 134.
134
Calculate the highest common divisor of 47 and 478507.
47
What is the greatest common divisor of 132 and 32384?
44
What is the greatest common factor of 228 and 10203?
57
What is the highest common divisor of 615 and 26855?
205
Calculate the greatest common factor of 1500 and 8088.
12
Calculate the highest common divisor of 310 and 66340.
310
What is the highest common divisor of 138 and 26611?
23
What is the highest common factor of 176 and 4048440?
88
Calculate the highest common divisor of 954529 and 2931.
977
What is the greatest common factor of 182900 and 400?
100
Calculate the greatest common divisor of 832 and 859664.
208
Calculate the greatest common factor of 263 and 493388.
263
What is the greatest common factor of 16 and 2606?
2
Calculate the highest common factor of 238 and 224.
14
What is the greatest common factor of 102 and 6097458?
102
Calculate the highest common divisor of 19294 and 1694.
22
What is the highest common factor of 2802 and 3018?
6
Calculate the greatest common factor of 5678 and 21454.
34
Calculate the highest common divisor of 20 and 3439880.
